{"id":12147,"date":"2018-04-23T02:30:11","date_gmt":"2018-04-23T00:30:11","guid":{"rendered":"https:\/\/www.avenirgroup.ch\/?post_type=team&#038;p=12147"},"modified":"2025-10-06T12:03:45","modified_gmt":"2025-10-06T10:03:45","slug":"marcel-oertig","status":"publish","type":"team","link":"https:\/\/www.avenirgroup.ch\/fr\/team\/marcel-oertig\/","title":{"rendered":"Marcel Oertig"},"content":{"rendered":"<p>Marcel a commenc\u00e9 sa carri\u00e8re dans le d\u00e9veloppement du personnel chez Hilti apr\u00e8s ses \u00e9tudes en \u00e9conomie d\u2019entreprise \u00e0 l\u2019Universit\u00e9 de Saint-Gall. Suite \u00e0 sa th\u00e8se de doctorat, il a enseign\u00e9 quelques ann\u00e9es \u00e0 la haute \u00e9cole, avant de prendre la direction des ressources humaines chez Swisscom. Aujourd\u2019hui, en tant qu\u2019associ\u00e9 fondateur et pr\u00e9sident du conseil d\u2019administration d\u2019Avenir Group, il s\u2019investit principalement dans la conduite strat\u00e9gique de l\u2019entreprise et accompagne des mandats en Executive Assessment et HR Consulting.<\/p>\n<p>En parall\u00e8le, Marcel continue \u00e0 enseigner \u00e0 l\u2019Universit\u00e9 de Saint-Gall et dans plusieurs hautes \u00e9coles sp\u00e9cialis\u00e9es. Il est \u00e9galement pr\u00e9sident de deux fondations actives dans les domaines de l\u2019\u00e2ge et de la pr\u00e9voyance. P\u00e8re engag\u00e9, il consacre volontiers son temps libre \u00e0 son fils et, quand l\u2019agenda le permet, s\u2019\u00e9vade en montagne ou lors de randonn\u00e9es \u00e0 ski.<\/p>\n","protected":false},"featured_media":6285,"template":"","class_list":["post-12147","team","type-team","status-publish","has-post-thumbnail","hentry","sprache-allemand-fr","sprache-anglais-fr"],"acf":[],"yoast_head":"<!-- This site is optimized with the Yoast SEO Premium plugin v27.3 (Yoast SEO v27.3) - https:\/\/yoast.com\/product\/yoast-seo-premium-wordpress\/ -->\n<title>Marcel Oertig &#8211; Avenir Group<\/title>\n<meta name=\"robots\" content=\"index, follow, max-snippet:-1, max-image-preview:large, max-video-preview:-1\" \/>\n<link rel=\"canonical\" href=\"https:\/\/www.avenirgroup.ch\/fr\/team\/marcel-oertig\/\" \/>\n<meta property=\"og:locale\" content=\"fr_FR\" \/>\n<meta property=\"og:type\" content=\"article\" \/>\n<meta property=\"og:title\" content=\"Marcel Oertig\" \/>\n<meta property=\"og:description\" content=\"Marcel a commenc\u00e9 sa carri\u00e8re dans le d\u00e9veloppement du personnel chez Hilti apr\u00e8s ses \u00e9tudes en \u00e9conomie d\u2019entreprise \u00e0 l\u2019Universit\u00e9 de Saint-Gall. Suite\" \/>\n<meta property=\"og:url\" content=\"https:\/\/www.avenirgroup.ch\/fr\/team\/marcel-oertig\/\" \/>\n<meta property=\"og:site_name\" content=\"Avenir Group\" \/>\n<meta property=\"article:publisher\" content=\"https:\/\/www.facebook.com\/avenirgroup\" \/>\n<meta property=\"article:modified_time\" content=\"2025-10-06T10:03:45+00:00\" \/>\n<meta property=\"og:image\" content=\"https:\/\/www.avenirgroup.ch\/wp-content\/uploads\/Marcel-Oertig-20200629-Portrait-quad-scaled.jpg\" \/>\n\t<meta property=\"og:image:width\" content=\"2560\" \/>\n\t<meta property=\"og:image:height\" content=\"2560\" \/>\n\t<meta property=\"og:image:type\" content=\"image\/jpeg\" \/>\n<meta name=\"twitter:card\" content=\"summary_large_image\" \/>\n<meta name=\"twitter:site\" content=\"@avenirgroup\" \/>\n<meta name=\"twitter:label1\" content=\"Dur\u00e9e de lecture estim\u00e9e\" \/>\n\t<meta name=\"twitter:data1\" content=\"1 minute\" \/>\n<script type=\"application\/ld+json\" class=\"yoast-schema-graph\">{\"@context\":\"https:\\\/\\\/schema.org\",\"@graph\":[{\"@type\":\"WebPage\",\"@id\":\"https:\\\/\\\/www.avenirgroup.ch\\\/fr\\\/team\\\/marcel-oertig\\\/\",\"url\":\"https:\\\/\\\/www.avenirgroup.ch\\\/fr\\\/team\\\/marcel-oertig\\\/\",\"name\":\"Marcel Oertig &#8211; Avenir Group\",\"isPartOf\":{\"@id\":\"https:\\\/\\\/www.avenirgroup.ch\\\/fr\\\/#website\"},\"primaryImageOfPage\":{\"@id\":\"https:\\\/\\\/www.avenirgroup.ch\\\/fr\\\/team\\\/marcel-oertig\\\/#primaryimage\"},\"image\":{\"@id\":\"https:\\\/\\\/www.avenirgroup.ch\\\/fr\\\/team\\\/marcel-oertig\\\/#primaryimage\"},\"thumbnailUrl\":\"https:\\\/\\\/www.avenirgroup.ch\\\/wp-content\\\/uploads\\\/Marcel-Oertig-20200629-Portrait-quad-scaled.jpg\",\"datePublished\":\"2018-04-23T00:30:11+00:00\",\"dateModified\":\"2025-10-06T10:03:45+00:00\",\"breadcrumb\":{\"@id\":\"https:\\\/\\\/www.avenirgroup.ch\\\/fr\\\/team\\\/marcel-oertig\\\/#breadcrumb\"},\"inLanguage\":\"fr-FR\",\"potentialAction\":[{\"@type\":\"ReadAction\",\"target\":[\"https:\\\/\\\/www.avenirgroup.ch\\\/fr\\\/team\\\/marcel-oertig\\\/\"]}]},{\"@type\":\"ImageObject\",\"inLanguage\":\"fr-FR\",\"@id\":\"https:\\\/\\\/www.avenirgroup.ch\\\/fr\\\/team\\\/marcel-oertig\\\/#primaryimage\",\"url\":\"https:\\\/\\\/www.avenirgroup.ch\\\/wp-content\\\/uploads\\\/Marcel-Oertig-20200629-Portrait-quad-scaled.jpg\",\"contentUrl\":\"https:\\\/\\\/www.avenirgroup.ch\\\/wp-content\\\/uploads\\\/Marcel-Oertig-20200629-Portrait-quad-scaled.jpg\",\"width\":2560,\"height\":2560},{\"@type\":\"BreadcrumbList\",\"@id\":\"https:\\\/\\\/www.avenirgroup.ch\\\/fr\\\/team\\\/marcel-oertig\\\/#breadcrumb\",\"itemListElement\":[{\"@type\":\"ListItem\",\"position\":1,\"name\":\"Home\",\"item\":\"https:\\\/\\\/www.avenirgroup.ch\\\/fr\\\/\"},{\"@type\":\"ListItem\",\"position\":2,\"name\":\"Marcel Oertig\"}]},{\"@type\":\"WebSite\",\"@id\":\"https:\\\/\\\/www.avenirgroup.ch\\\/fr\\\/#website\",\"url\":\"https:\\\/\\\/www.avenirgroup.ch\\\/fr\\\/\",\"name\":\"Avenir Group\",\"description\":\"Nous promouvons ensemble les personnes et les organisations.\",\"publisher\":{\"@id\":\"https:\\\/\\\/www.avenirgroup.ch\\\/fr\\\/#organization\"},\"potentialAction\":[{\"@type\":\"SearchAction\",\"target\":{\"@type\":\"EntryPoint\",\"urlTemplate\":\"https:\\\/\\\/www.avenirgroup.ch\\\/fr\\\/?s={search_term_string}\"},\"query-input\":{\"@type\":\"PropertyValueSpecification\",\"valueRequired\":true,\"valueName\":\"search_term_string\"}}],\"inLanguage\":\"fr-FR\"},{\"@type\":\"Organization\",\"@id\":\"https:\\\/\\\/www.avenirgroup.ch\\\/fr\\\/#organization\",\"name\":\"Avenir Group\",\"url\":\"https:\\\/\\\/www.avenirgroup.ch\\\/fr\\\/\",\"logo\":{\"@type\":\"ImageObject\",\"inLanguage\":\"fr-FR\",\"@id\":\"https:\\\/\\\/www.avenirgroup.ch\\\/fr\\\/#\\\/schema\\\/logo\\\/image\\\/\",\"url\":\"https:\\\/\\\/www.avenirgroup.ch\\\/wp-content\\\/uploads\\\/avenir.png\",\"contentUrl\":\"https:\\\/\\\/www.avenirgroup.ch\\\/wp-content\\\/uploads\\\/avenir.png\",\"width\":500,\"height\":191,\"caption\":\"Avenir Group\"},\"image\":{\"@id\":\"https:\\\/\\\/www.avenirgroup.ch\\\/fr\\\/#\\\/schema\\\/logo\\\/image\\\/\"},\"sameAs\":[\"https:\\\/\\\/www.facebook.com\\\/avenirgroup\",\"https:\\\/\\\/x.com\\\/avenirgroup\",\"https:\\\/\\\/www.linkedin.com\\\/company\\\/avenirgroup\",\"https:\\\/\\\/www.youtube.com\\\/channel\\\/UCSsjNOO3GSDq1LChWFv1GBQ\"]}]}<\/script>\n<!-- \/ Yoast SEO Premium plugin. -->","yoast_head_json":{"title":"Marcel Oertig &#8211; Avenir Group","robots":{"index":"index","follow":"follow","max-snippet":"max-snippet:-1","max-image-preview":"max-image-preview:large","max-video-preview":"max-video-preview:-1"},"canonical":"https:\/\/www.avenirgroup.ch\/fr\/team\/marcel-oertig\/","og_locale":"fr_FR","og_type":"article","og_title":"Marcel Oertig","og_description":"Marcel a commenc\u00e9 sa carri\u00e8re dans le d\u00e9veloppement du personnel chez Hilti apr\u00e8s ses \u00e9tudes en \u00e9conomie d\u2019entreprise \u00e0 l\u2019Universit\u00e9 de Saint-Gall. Suite","og_url":"https:\/\/www.avenirgroup.ch\/fr\/team\/marcel-oertig\/","og_site_name":"Avenir Group","article_publisher":"https:\/\/www.facebook.com\/avenirgroup","article_modified_time":"2025-10-06T10:03:45+00:00","og_image":[{"width":2560,"height":2560,"url":"https:\/\/www.avenirgroup.ch\/wp-content\/uploads\/Marcel-Oertig-20200629-Portrait-quad-scaled.jpg","type":"image\/jpeg"}],"twitter_card":"summary_large_image","twitter_site":"@avenirgroup","twitter_misc":{"Dur\u00e9e de lecture estim\u00e9e":"1 minute"},"schema":{"@context":"https:\/\/schema.org","@graph":[{"@type":"WebPage","@id":"https:\/\/www.avenirgroup.ch\/fr\/team\/marcel-oertig\/","url":"https:\/\/www.avenirgroup.ch\/fr\/team\/marcel-oertig\/","name":"Marcel Oertig &#8211; Avenir Group","isPartOf":{"@id":"https:\/\/www.avenirgroup.ch\/fr\/#website"},"primaryImageOfPage":{"@id":"https:\/\/www.avenirgroup.ch\/fr\/team\/marcel-oertig\/#primaryimage"},"image":{"@id":"https:\/\/www.avenirgroup.ch\/fr\/team\/marcel-oertig\/#primaryimage"},"thumbnailUrl":"https:\/\/www.avenirgroup.ch\/wp-content\/uploads\/Marcel-Oertig-20200629-Portrait-quad-scaled.jpg","datePublished":"2018-04-23T00:30:11+00:00","dateModified":"2025-10-06T10:03:45+00:00","breadcrumb":{"@id":"https:\/\/www.avenirgroup.ch\/fr\/team\/marcel-oertig\/#breadcrumb"},"inLanguage":"fr-FR","potentialAction":[{"@type":"ReadAction","target":["https:\/\/www.avenirgroup.ch\/fr\/team\/marcel-oertig\/"]}]},{"@type":"ImageObject","inLanguage":"fr-FR","@id":"https:\/\/www.avenirgroup.ch\/fr\/team\/marcel-oertig\/#primaryimage","url":"https:\/\/www.avenirgroup.ch\/wp-content\/uploads\/Marcel-Oertig-20200629-Portrait-quad-scaled.jpg","contentUrl":"https:\/\/www.avenirgroup.ch\/wp-content\/uploads\/Marcel-Oertig-20200629-Portrait-quad-scaled.jpg","width":2560,"height":2560},{"@type":"BreadcrumbList","@id":"https:\/\/www.avenirgroup.ch\/fr\/team\/marcel-oertig\/#breadcrumb","itemListElement":[{"@type":"ListItem","position":1,"name":"Home","item":"https:\/\/www.avenirgroup.ch\/fr\/"},{"@type":"ListItem","position":2,"name":"Marcel Oertig"}]},{"@type":"WebSite","@id":"https:\/\/www.avenirgroup.ch\/fr\/#website","url":"https:\/\/www.avenirgroup.ch\/fr\/","name":"Avenir Group","description":"Nous promouvons ensemble les personnes et les organisations.","publisher":{"@id":"https:\/\/www.avenirgroup.ch\/fr\/#organization"},"potentialAction":[{"@type":"SearchAction","target":{"@type":"EntryPoint","urlTemplate":"https:\/\/www.avenirgroup.ch\/fr\/?s={search_term_string}"},"query-input":{"@type":"PropertyValueSpecification","valueRequired":true,"valueName":"search_term_string"}}],"inLanguage":"fr-FR"},{"@type":"Organization","@id":"https:\/\/www.avenirgroup.ch\/fr\/#organization","name":"Avenir Group","url":"https:\/\/www.avenirgroup.ch\/fr\/","logo":{"@type":"ImageObject","inLanguage":"fr-FR","@id":"https:\/\/www.avenirgroup.ch\/fr\/#\/schema\/logo\/image\/","url":"https:\/\/www.avenirgroup.ch\/wp-content\/uploads\/avenir.png","contentUrl":"https:\/\/www.avenirgroup.ch\/wp-content\/uploads\/avenir.png","width":500,"height":191,"caption":"Avenir Group"},"image":{"@id":"https:\/\/www.avenirgroup.ch\/fr\/#\/schema\/logo\/image\/"},"sameAs":["https:\/\/www.facebook.com\/avenirgroup","https:\/\/x.com\/avenirgroup","https:\/\/www.linkedin.com\/company\/avenirgroup","https:\/\/www.youtube.com\/channel\/UCSsjNOO3GSDq1LChWFv1GBQ"]}]}},"_links":{"self":[{"href":"https:\/\/www.avenirgroup.ch\/fr\/wp-json\/wp\/v2\/team\/12147","targetHints":{"allow":["GET"]}}],"collection":[{"href":"https:\/\/www.avenirgroup.ch\/fr\/wp-json\/wp\/v2\/team"}],"about":[{"href":"https:\/\/www.avenirgroup.ch\/fr\/wp-json\/wp\/v2\/types\/team"}],"version-history":[{"count":1,"href":"https:\/\/www.avenirgroup.ch\/fr\/wp-json\/wp\/v2\/team\/12147\/revisions"}],"predecessor-version":[{"id":12148,"href":"https:\/\/www.avenirgroup.ch\/fr\/wp-json\/wp\/v2\/team\/12147\/revisions\/12148"}],"wp:featuredmedia":[{"embeddable":true,"href":"https:\/\/www.avenirgroup.ch\/fr\/wp-json\/wp\/v2\/media\/6285"}],"wp:attachment":[{"href":"https:\/\/www.avenirgroup.ch\/fr\/wp-json\/wp\/v2\/media?parent=12147"}],"curies":[{"name":"wp","href":"https:\/\/api.w.org\/{rel}","templated":true}]}}

<p>Marcel a commencé sa carrière dans le développement du personnel chez Hilti après ses études en économie d’entreprise à l’Université de Saint-Gall. Suite à sa thèse de doctorat, il a enseigné quelques années à la haute école, avant de prendre la direction des ressources humaines chez Swisscom. Aujourd’hui, en tant qu’associé fondateur et président du conseil d’administration d’Avenir Group, il s’investit principalement dans la conduite stratégique de l’entreprise et accompagne des mandats en Executive Assessment et HR Consulting.</p>
<p>En parallèle, Marcel continue à enseigner à l’Université de Saint-Gall et dans plusieurs hautes écoles spécialisées. Il est également président de deux fondations actives dans les domaines de l’âge et de la prévoyance. Père engagé, il consacre volontiers son temps libre à son fils et, quand l’agenda le permet, s’évade en montagne ou lors de randonnées à ski.</p>

<!-- This site is optimized with the Yoast SEO Premium plugin v27.3 (Yoast SEO v27.3) - https://yoast.com/product/yoast-seo-premium-wordpress/ -->
<title>Marcel Oertig &#8211; Avenir Group</title>
<meta name="robots" content="index, follow, max-snippet:-1, max-image-preview:large, max-video-preview:-1" />
<link rel="canonical" href="https://www.avenirgroup.ch/fr/team/marcel-oertig/" />
<meta property="og:locale" content="fr_FR" />
<meta property="og:type" content="article" />
<meta property="og:title" content="Marcel Oertig" />
<meta property="og:description" content="Marcel a commencé sa carrière dans le développement du personnel chez Hilti après ses études en économie d’entreprise à l’Université de Saint-Gall. Suite" />
<meta property="og:url" content="https://www.avenirgroup.ch/fr/team/marcel-oertig/" />
<meta property="og:site_name" content="Avenir Group" />
<meta property="article:publisher" content="https://www.facebook.com/avenirgroup" />
<meta property="article:modified_time" content="2025-10-06T10:03:45+00:00" />
<meta property="og:image" content="https://www.avenirgroup.ch/wp-content/uploads/Marcel-Oertig-20200629-Portrait-quad-scaled.jpg" />
	<meta property="og:image:width" content="2560" />
	<meta property="og:image:height" content="2560" />
	<meta property="og:image:type" content="image/jpeg" />
<meta name="twitter:card" content="summary_large_image" />
<meta name="twitter:site" content="@avenirgroup" />
<meta name="twitter:label1" content="Durée de lecture estimée" />
	<meta name="twitter:data1" content="1 minute" />
<script type="application/ld+json" class="yoast-schema-graph">{"@context":"https:\/\/schema.org","@graph":[{"@type":"WebPage","@id":"https:\/\/www.avenirgroup.ch\/fr\/team\/marcel-oertig\/","url":"https:\/\/www.avenirgroup.ch\/fr\/team\/marcel-oertig\/","name":"Marcel Oertig &#8211; Avenir Group","isPartOf":{"@id":"https:\/\/www.avenirgroup.ch\/fr\/#website"},"primaryImageOfPage":{"@id":"https:\/\/www.avenirgroup.ch\/fr\/team\/marcel-oertig\/#primaryimage"},"image":{"@id":"https:\/\/www.avenirgroup.ch\/fr\/team\/marcel-oertig\/#primaryimage"},"thumbnailUrl":"https:\/\/www.avenirgroup.ch\/wp-content\/uploads\/Marcel-Oertig-20200629-Portrait-quad-scaled.jpg","datePublished":"2018-04-23T00:30:11+00:00","dateModified":"2025-10-06T10:03:45+00:00","breadcrumb":{"@id":"https:\/\/www.avenirgroup.ch\/fr\/team\/marcel-oertig\/#breadcrumb"},"inLanguage":"fr-FR","potentialAction":[{"@type":"ReadAction","target":["https:\/\/www.avenirgroup.ch\/fr\/team\/marcel-oertig\/"]}]},{"@type":"ImageObject","inLanguage":"fr-FR","@id":"https:\/\/www.avenirgroup.ch\/fr\/team\/marcel-oertig\/#primaryimage","url":"https:\/\/www.avenirgroup.ch\/wp-content\/uploads\/Marcel-Oertig-20200629-Portrait-quad-scaled.jpg","contentUrl":"https:\/\/www.avenirgroup.ch\/wp-content\/uploads\/Marcel-Oertig-20200629-Portrait-quad-scaled.jpg","width":2560,"height":2560},{"@type":"BreadcrumbList","@id":"https:\/\/www.avenirgroup.ch\/fr\/team\/marcel-oertig\/#breadcrumb","itemListElement":[{"@type":"ListItem","position":1,"name":"Home","item":"https:\/\/www.avenirgroup.ch\/fr\/"},{"@type":"ListItem","position":2,"name":"Marcel Oertig"}]},{"@type":"WebSite","@id":"https:\/\/www.avenirgroup.ch\/fr\/#website","url":"https:\/\/www.avenirgroup.ch\/fr\/","name":"Avenir Group","description":"Nous promouvons ensemble les personnes et les organisations.","publisher":{"@id":"https:\/\/www.avenirgroup.ch\/fr\/#organization"},"potentialAction":[{"@type":"SearchAction","target":{"@type":"EntryPoint","urlTemplate":"https:\/\/www.avenirgroup.ch\/fr\/?s={search_term_string}"},"query-input":{"@type":"PropertyValueSpecification","valueRequired":true,"valueName":"search_term_string"}}],"inLanguage":"fr-FR"},{"@type":"Organization","@id":"https:\/\/www.avenirgroup.ch\/fr\/#organization","name":"Avenir Group","url":"https:\/\/www.avenirgroup.ch\/fr\/","logo":{"@type":"ImageObject","inLanguage":"fr-FR","@id":"https:\/\/www.avenirgroup.ch\/fr\/#\/schema\/logo\/image\/","url":"https:\/\/www.avenirgroup.ch\/wp-content\/uploads\/avenir.png","contentUrl":"https:\/\/www.avenirgroup.ch\/wp-content\/uploads\/avenir.png","width":500,"height":191,"caption":"Avenir Group"},"image":{"@id":"https:\/\/www.avenirgroup.ch\/fr\/#\/schema\/logo\/image\/"},"sameAs":["https:\/\/www.facebook.com\/avenirgroup","https:\/\/x.com\/avenirgroup","https:\/\/www.linkedin.com\/company\/avenirgroup","https:\/\/www.youtube.com\/channel\/UCSsjNOO3GSDq1LChWFv1GBQ"]}]}</script>
<!-- / Yoast SEO Premium plugin. -->

Marcel a commencé sa carrière dans le développement du personnel chez Hilti après ses études en économie d’entreprise à l’Université de Saint-Gall. Suite
