{"id":11996,"date":"2023-08-10T13:37:09","date_gmt":"2023-08-10T11:37:09","guid":{"rendered":"https:\/\/www.avenirgroup.ch\/?post_type=team&#038;p=11996"},"modified":"2025-10-03T08:03:33","modified_gmt":"2025-10-03T06:03:33","slug":"mirjam-jaeger","status":"publish","type":"team","link":"https:\/\/www.avenirgroup.ch\/fr\/team\/mirjam-jaeger\/","title":{"rendered":"Mirjam Jaeger"},"content":{"rendered":"<p>Apr\u00e8s avoir obtenu son doctorat \u00e0 l\u2019Universit\u00e9 de B\u00e2le, Mirjam a d\u00e9but\u00e9 sa carri\u00e8re comme cheffe de projet au sein de la F\u00e9d\u00e9ration des coop\u00e9ratives Migros \u00e0 Zurich. Elle y a d\u00e9couvert son talent d&rsquo;Innovation Coach et a dirig\u00e9 pendant plusieurs ann\u00e9es des projets d\u2019innovation, ax\u00e9s sur le business model innovation et le d\u00e9veloppement organisationnel. Elle a \u00e9galement con\u00e7u et mis en \u0153uvre des programmes d\u2019empowerment des collaborateurs pour promouvoir activement l\u2019innovation au sein de l\u2019entreprise.<\/p>\n<p>Gr\u00e2ce \u00e0 deux CAS en Next Generation Leadership et Business Transformation \u00e0 la HWZ Zurich, elle a d\u00e9velopp\u00e9 ses comp\u00e9tences en leadership et transformation d\u2019entreprise. Par la suite, elle a acquis une pr\u00e9cieuse exp\u00e9rience dans le monde des startups, en menant des projets d\u2019innovation \u00e0 l\u2019international et en accompagnant les organisations dans le d\u00e9veloppement d\u2019une culture d\u2019innovation forte.<\/p>\n<p>Aujourd\u2019hui, Mirjam est Senior Manager dans le domaine Business &amp; Culture Transformation et accompagne avec passion les personnes et les organisations dans leurs processus de changement. Sa force r\u00e9side dans sa capacit\u00e9 \u00e0 conduire la transformation avec une vision claire de la culture et de la strat\u00e9gie.<\/p>\n<p>Dans ses loisirs, Mirjam se d\u00e9tend en jouant au golf ou en faisant de la plong\u00e9e, et d\u00e9couvre avec son partenaire de nouvelles aventures \u00ab\u202fon the road\u202f\u00bb \u00e0 bord de leur campervan.<\/p>\n","protected":false},"featured_media":9278,"template":"","class_list":["post-11996","team","type-team","status-publish","has-post-thumbnail","hentry","sprache-allemand-fr","sprache-anglais-fr","sprache-deutsch","sprache-englisch","sprache-francais-fr","sprache-franzoesisch"],"acf":[],"yoast_head":"<!-- This site is optimized with the Yoast SEO Premium plugin v27.5 (Yoast SEO v27.5) - https:\/\/yoast.com\/product\/yoast-seo-premium-wordpress\/ -->\n<title>Mirjam Jaeger &#8211; Avenir Group<\/title>\n<meta name=\"robots\" content=\"index, follow, max-snippet:-1, max-image-preview:large, max-video-preview:-1\" \/>\n<link rel=\"canonical\" href=\"https:\/\/www.avenirgroup.ch\/fr\/team\/mirjam-jaeger\/\" \/>\n<meta property=\"og:locale\" content=\"fr_FR\" \/>\n<meta property=\"og:type\" content=\"article\" \/>\n<meta property=\"og:title\" content=\"Mirjam Jaeger\" \/>\n<meta property=\"og:description\" content=\"Apr\u00e8s avoir obtenu son doctorat \u00e0 l\u2019Universit\u00e9 de B\u00e2le, Mirjam a d\u00e9but\u00e9 sa carri\u00e8re comme cheffe de projet au sein de la F\u00e9d\u00e9ration des coop\u00e9ratives\" \/>\n<meta property=\"og:url\" content=\"https:\/\/www.avenirgroup.ch\/fr\/team\/mirjam-jaeger\/\" \/>\n<meta property=\"og:site_name\" content=\"Avenir Group\" \/>\n<meta property=\"article:publisher\" content=\"https:\/\/www.facebook.com\/avenirgroup\" \/>\n<meta property=\"article:modified_time\" content=\"2025-10-03T06:03:33+00:00\" \/>\n<meta property=\"og:image\" content=\"https:\/\/www.avenirgroup.ch\/wp-content\/uploads\/Jaeger-Mirjam.jpg\" \/>\n\t<meta property=\"og:image:width\" content=\"1500\" \/>\n\t<meta property=\"og:image:height\" content=\"1500\" \/>\n\t<meta property=\"og:image:type\" content=\"image\/jpeg\" \/>\n<meta name=\"twitter:card\" content=\"summary_large_image\" \/>\n<meta name=\"twitter:site\" content=\"@avenirgroup\" \/>\n<meta name=\"twitter:label1\" content=\"Dur\u00e9e de lecture estim\u00e9e\" \/>\n\t<meta name=\"twitter:data1\" content=\"1 minute\" \/>\n<script type=\"application\/ld+json\" class=\"yoast-schema-graph\">{\"@context\":\"https:\\\/\\\/schema.org\",\"@graph\":[{\"@type\":\"WebPage\",\"@id\":\"https:\\\/\\\/www.avenirgroup.ch\\\/fr\\\/team\\\/mirjam-jaeger\\\/\",\"url\":\"https:\\\/\\\/www.avenirgroup.ch\\\/fr\\\/team\\\/mirjam-jaeger\\\/\",\"name\":\"Mirjam Jaeger &#8211; Avenir Group\",\"isPartOf\":{\"@id\":\"https:\\\/\\\/www.avenirgroup.ch\\\/fr\\\/#website\"},\"primaryImageOfPage\":{\"@id\":\"https:\\\/\\\/www.avenirgroup.ch\\\/fr\\\/team\\\/mirjam-jaeger\\\/#primaryimage\"},\"image\":{\"@id\":\"https:\\\/\\\/www.avenirgroup.ch\\\/fr\\\/team\\\/mirjam-jaeger\\\/#primaryimage\"},\"thumbnailUrl\":\"https:\\\/\\\/www.avenirgroup.ch\\\/wp-content\\\/uploads\\\/Jaeger-Mirjam.jpg\",\"datePublished\":\"2023-08-10T11:37:09+00:00\",\"dateModified\":\"2025-10-03T06:03:33+00:00\",\"breadcrumb\":{\"@id\":\"https:\\\/\\\/www.avenirgroup.ch\\\/fr\\\/team\\\/mirjam-jaeger\\\/#breadcrumb\"},\"inLanguage\":\"fr-FR\",\"potentialAction\":[{\"@type\":\"ReadAction\",\"target\":[\"https:\\\/\\\/www.avenirgroup.ch\\\/fr\\\/team\\\/mirjam-jaeger\\\/\"]}]},{\"@type\":\"ImageObject\",\"inLanguage\":\"fr-FR\",\"@id\":\"https:\\\/\\\/www.avenirgroup.ch\\\/fr\\\/team\\\/mirjam-jaeger\\\/#primaryimage\",\"url\":\"https:\\\/\\\/www.avenirgroup.ch\\\/wp-content\\\/uploads\\\/Jaeger-Mirjam.jpg\",\"contentUrl\":\"https:\\\/\\\/www.avenirgroup.ch\\\/wp-content\\\/uploads\\\/Jaeger-Mirjam.jpg\",\"width\":1500,\"height\":1500},{\"@type\":\"BreadcrumbList\",\"@id\":\"https:\\\/\\\/www.avenirgroup.ch\\\/fr\\\/team\\\/mirjam-jaeger\\\/#breadcrumb\",\"itemListElement\":[{\"@type\":\"ListItem\",\"position\":1,\"name\":\"Home\",\"item\":\"https:\\\/\\\/www.avenirgroup.ch\\\/fr\\\/\"},{\"@type\":\"ListItem\",\"position\":2,\"name\":\"Mirjam Jaeger\"}]},{\"@type\":\"WebSite\",\"@id\":\"https:\\\/\\\/www.avenirgroup.ch\\\/fr\\\/#website\",\"url\":\"https:\\\/\\\/www.avenirgroup.ch\\\/fr\\\/\",\"name\":\"Avenir Group\",\"description\":\"Nous promouvons ensemble les personnes et les organisations.\",\"publisher\":{\"@id\":\"https:\\\/\\\/www.avenirgroup.ch\\\/fr\\\/#organization\"},\"potentialAction\":[{\"@type\":\"SearchAction\",\"target\":{\"@type\":\"EntryPoint\",\"urlTemplate\":\"https:\\\/\\\/www.avenirgroup.ch\\\/fr\\\/?s={search_term_string}\"},\"query-input\":{\"@type\":\"PropertyValueSpecification\",\"valueRequired\":true,\"valueName\":\"search_term_string\"}}],\"inLanguage\":\"fr-FR\"},{\"@type\":\"Organization\",\"@id\":\"https:\\\/\\\/www.avenirgroup.ch\\\/fr\\\/#organization\",\"name\":\"Avenir Group\",\"url\":\"https:\\\/\\\/www.avenirgroup.ch\\\/fr\\\/\",\"logo\":{\"@type\":\"ImageObject\",\"inLanguage\":\"fr-FR\",\"@id\":\"https:\\\/\\\/www.avenirgroup.ch\\\/fr\\\/#\\\/schema\\\/logo\\\/image\\\/\",\"url\":\"https:\\\/\\\/www.avenirgroup.ch\\\/wp-content\\\/uploads\\\/avenir.png\",\"contentUrl\":\"https:\\\/\\\/www.avenirgroup.ch\\\/wp-content\\\/uploads\\\/avenir.png\",\"width\":500,\"height\":191,\"caption\":\"Avenir Group\"},\"image\":{\"@id\":\"https:\\\/\\\/www.avenirgroup.ch\\\/fr\\\/#\\\/schema\\\/logo\\\/image\\\/\"},\"sameAs\":[\"https:\\\/\\\/www.facebook.com\\\/avenirgroup\",\"https:\\\/\\\/x.com\\\/avenirgroup\",\"https:\\\/\\\/www.linkedin.com\\\/company\\\/avenirgroup\",\"https:\\\/\\\/www.youtube.com\\\/channel\\\/UCSsjNOO3GSDq1LChWFv1GBQ\"]}]}<\/script>\n<!-- \/ Yoast SEO Premium plugin. -->","yoast_head_json":{"title":"Mirjam Jaeger &#8211; Avenir Group","robots":{"index":"index","follow":"follow","max-snippet":"max-snippet:-1","max-image-preview":"max-image-preview:large","max-video-preview":"max-video-preview:-1"},"canonical":"https:\/\/www.avenirgroup.ch\/fr\/team\/mirjam-jaeger\/","og_locale":"fr_FR","og_type":"article","og_title":"Mirjam Jaeger","og_description":"Apr\u00e8s avoir obtenu son doctorat \u00e0 l\u2019Universit\u00e9 de B\u00e2le, Mirjam a d\u00e9but\u00e9 sa carri\u00e8re comme cheffe de projet au sein de la F\u00e9d\u00e9ration des coop\u00e9ratives","og_url":"https:\/\/www.avenirgroup.ch\/fr\/team\/mirjam-jaeger\/","og_site_name":"Avenir Group","article_publisher":"https:\/\/www.facebook.com\/avenirgroup","article_modified_time":"2025-10-03T06:03:33+00:00","og_image":[{"width":1500,"height":1500,"url":"https:\/\/www.avenirgroup.ch\/wp-content\/uploads\/Jaeger-Mirjam.jpg","type":"image\/jpeg"}],"twitter_card":"summary_large_image","twitter_site":"@avenirgroup","twitter_misc":{"Dur\u00e9e de lecture estim\u00e9e":"1 minute"},"schema":{"@context":"https:\/\/schema.org","@graph":[{"@type":"WebPage","@id":"https:\/\/www.avenirgroup.ch\/fr\/team\/mirjam-jaeger\/","url":"https:\/\/www.avenirgroup.ch\/fr\/team\/mirjam-jaeger\/","name":"Mirjam Jaeger &#8211; Avenir Group","isPartOf":{"@id":"https:\/\/www.avenirgroup.ch\/fr\/#website"},"primaryImageOfPage":{"@id":"https:\/\/www.avenirgroup.ch\/fr\/team\/mirjam-jaeger\/#primaryimage"},"image":{"@id":"https:\/\/www.avenirgroup.ch\/fr\/team\/mirjam-jaeger\/#primaryimage"},"thumbnailUrl":"https:\/\/www.avenirgroup.ch\/wp-content\/uploads\/Jaeger-Mirjam.jpg","datePublished":"2023-08-10T11:37:09+00:00","dateModified":"2025-10-03T06:03:33+00:00","breadcrumb":{"@id":"https:\/\/www.avenirgroup.ch\/fr\/team\/mirjam-jaeger\/#breadcrumb"},"inLanguage":"fr-FR","potentialAction":[{"@type":"ReadAction","target":["https:\/\/www.avenirgroup.ch\/fr\/team\/mirjam-jaeger\/"]}]},{"@type":"ImageObject","inLanguage":"fr-FR","@id":"https:\/\/www.avenirgroup.ch\/fr\/team\/mirjam-jaeger\/#primaryimage","url":"https:\/\/www.avenirgroup.ch\/wp-content\/uploads\/Jaeger-Mirjam.jpg","contentUrl":"https:\/\/www.avenirgroup.ch\/wp-content\/uploads\/Jaeger-Mirjam.jpg","width":1500,"height":1500},{"@type":"BreadcrumbList","@id":"https:\/\/www.avenirgroup.ch\/fr\/team\/mirjam-jaeger\/#breadcrumb","itemListElement":[{"@type":"ListItem","position":1,"name":"Home","item":"https:\/\/www.avenirgroup.ch\/fr\/"},{"@type":"ListItem","position":2,"name":"Mirjam Jaeger"}]},{"@type":"WebSite","@id":"https:\/\/www.avenirgroup.ch\/fr\/#website","url":"https:\/\/www.avenirgroup.ch\/fr\/","name":"Avenir Group","description":"Nous promouvons ensemble les personnes et les organisations.","publisher":{"@id":"https:\/\/www.avenirgroup.ch\/fr\/#organization"},"potentialAction":[{"@type":"SearchAction","target":{"@type":"EntryPoint","urlTemplate":"https:\/\/www.avenirgroup.ch\/fr\/?s={search_term_string}"},"query-input":{"@type":"PropertyValueSpecification","valueRequired":true,"valueName":"search_term_string"}}],"inLanguage":"fr-FR"},{"@type":"Organization","@id":"https:\/\/www.avenirgroup.ch\/fr\/#organization","name":"Avenir Group","url":"https:\/\/www.avenirgroup.ch\/fr\/","logo":{"@type":"ImageObject","inLanguage":"fr-FR","@id":"https:\/\/www.avenirgroup.ch\/fr\/#\/schema\/logo\/image\/","url":"https:\/\/www.avenirgroup.ch\/wp-content\/uploads\/avenir.png","contentUrl":"https:\/\/www.avenirgroup.ch\/wp-content\/uploads\/avenir.png","width":500,"height":191,"caption":"Avenir Group"},"image":{"@id":"https:\/\/www.avenirgroup.ch\/fr\/#\/schema\/logo\/image\/"},"sameAs":["https:\/\/www.facebook.com\/avenirgroup","https:\/\/x.com\/avenirgroup","https:\/\/www.linkedin.com\/company\/avenirgroup","https:\/\/www.youtube.com\/channel\/UCSsjNOO3GSDq1LChWFv1GBQ"]}]}},"_links":{"self":[{"href":"https:\/\/www.avenirgroup.ch\/fr\/wp-json\/wp\/v2\/team\/11996","targetHints":{"allow":["GET"]}}],"collection":[{"href":"https:\/\/www.avenirgroup.ch\/fr\/wp-json\/wp\/v2\/team"}],"about":[{"href":"https:\/\/www.avenirgroup.ch\/fr\/wp-json\/wp\/v2\/types\/team"}],"version-history":[{"count":1,"href":"https:\/\/www.avenirgroup.ch\/fr\/wp-json\/wp\/v2\/team\/11996\/revisions"}],"predecessor-version":[{"id":11997,"href":"https:\/\/www.avenirgroup.ch\/fr\/wp-json\/wp\/v2\/team\/11996\/revisions\/11997"}],"wp:featuredmedia":[{"embeddable":true,"href":"https:\/\/www.avenirgroup.ch\/fr\/wp-json\/wp\/v2\/media\/9278"}],"wp:attachment":[{"href":"https:\/\/www.avenirgroup.ch\/fr\/wp-json\/wp\/v2\/media?parent=11996"}],"curies":[{"name":"wp","href":"https:\/\/api.w.org\/{rel}","templated":true}]}}

<p>Après avoir obtenu son doctorat à l’Université de Bâle, Mirjam a débuté sa carrière comme cheffe de projet au sein de la Fédération des coopératives Migros à Zurich. Elle y a découvert son talent d&rsquo;Innovation Coach et a dirigé pendant plusieurs années des projets d’innovation, axés sur le business model innovation et le développement organisationnel. Elle a également conçu et mis en œuvre des programmes d’empowerment des collaborateurs pour promouvoir activement l’innovation au sein de l’entreprise.</p>
<p>Grâce à deux CAS en Next Generation Leadership et Business Transformation à la HWZ Zurich, elle a développé ses compétences en leadership et transformation d’entreprise. Par la suite, elle a acquis une précieuse expérience dans le monde des startups, en menant des projets d’innovation à l’international et en accompagnant les organisations dans le développement d’une culture d’innovation forte.</p>
<p>Aujourd’hui, Mirjam est Senior Manager dans le domaine Business &amp; Culture Transformation et accompagne avec passion les personnes et les organisations dans leurs processus de changement. Sa force réside dans sa capacité à conduire la transformation avec une vision claire de la culture et de la stratégie.</p>
<p>Dans ses loisirs, Mirjam se détend en jouant au golf ou en faisant de la plongée, et découvre avec son partenaire de nouvelles aventures « on the road » à bord de leur campervan.</p>

<!-- This site is optimized with the Yoast SEO Premium plugin v27.5 (Yoast SEO v27.5) - https://yoast.com/product/yoast-seo-premium-wordpress/ -->
<title>Mirjam Jaeger &#8211; Avenir Group</title>
<meta name="robots" content="index, follow, max-snippet:-1, max-image-preview:large, max-video-preview:-1" />
<link rel="canonical" href="https://www.avenirgroup.ch/fr/team/mirjam-jaeger/" />
<meta property="og:locale" content="fr_FR" />
<meta property="og:type" content="article" />
<meta property="og:title" content="Mirjam Jaeger" />
<meta property="og:description" content="Après avoir obtenu son doctorat à l’Université de Bâle, Mirjam a débuté sa carrière comme cheffe de projet au sein de la Fédération des coopératives" />
<meta property="og:url" content="https://www.avenirgroup.ch/fr/team/mirjam-jaeger/" />
<meta property="og:site_name" content="Avenir Group" />
<meta property="article:publisher" content="https://www.facebook.com/avenirgroup" />
<meta property="article:modified_time" content="2025-10-03T06:03:33+00:00" />
<meta property="og:image" content="https://www.avenirgroup.ch/wp-content/uploads/Jaeger-Mirjam.jpg" />
	<meta property="og:image:width" content="1500" />
	<meta property="og:image:height" content="1500" />
	<meta property="og:image:type" content="image/jpeg" />
<meta name="twitter:card" content="summary_large_image" />
<meta name="twitter:site" content="@avenirgroup" />
<meta name="twitter:label1" content="Durée de lecture estimée" />
	<meta name="twitter:data1" content="1 minute" />
<script type="application/ld+json" class="yoast-schema-graph">{"@context":"https:\/\/schema.org","@graph":[{"@type":"WebPage","@id":"https:\/\/www.avenirgroup.ch\/fr\/team\/mirjam-jaeger\/","url":"https:\/\/www.avenirgroup.ch\/fr\/team\/mirjam-jaeger\/","name":"Mirjam Jaeger &#8211; Avenir Group","isPartOf":{"@id":"https:\/\/www.avenirgroup.ch\/fr\/#website"},"primaryImageOfPage":{"@id":"https:\/\/www.avenirgroup.ch\/fr\/team\/mirjam-jaeger\/#primaryimage"},"image":{"@id":"https:\/\/www.avenirgroup.ch\/fr\/team\/mirjam-jaeger\/#primaryimage"},"thumbnailUrl":"https:\/\/www.avenirgroup.ch\/wp-content\/uploads\/Jaeger-Mirjam.jpg","datePublished":"2023-08-10T11:37:09+00:00","dateModified":"2025-10-03T06:03:33+00:00","breadcrumb":{"@id":"https:\/\/www.avenirgroup.ch\/fr\/team\/mirjam-jaeger\/#breadcrumb"},"inLanguage":"fr-FR","potentialAction":[{"@type":"ReadAction","target":["https:\/\/www.avenirgroup.ch\/fr\/team\/mirjam-jaeger\/"]}]},{"@type":"ImageObject","inLanguage":"fr-FR","@id":"https:\/\/www.avenirgroup.ch\/fr\/team\/mirjam-jaeger\/#primaryimage","url":"https:\/\/www.avenirgroup.ch\/wp-content\/uploads\/Jaeger-Mirjam.jpg","contentUrl":"https:\/\/www.avenirgroup.ch\/wp-content\/uploads\/Jaeger-Mirjam.jpg","width":1500,"height":1500},{"@type":"BreadcrumbList","@id":"https:\/\/www.avenirgroup.ch\/fr\/team\/mirjam-jaeger\/#breadcrumb","itemListElement":[{"@type":"ListItem","position":1,"name":"Home","item":"https:\/\/www.avenirgroup.ch\/fr\/"},{"@type":"ListItem","position":2,"name":"Mirjam Jaeger"}]},{"@type":"WebSite","@id":"https:\/\/www.avenirgroup.ch\/fr\/#website","url":"https:\/\/www.avenirgroup.ch\/fr\/","name":"Avenir Group","description":"Nous promouvons ensemble les personnes et les organisations.","publisher":{"@id":"https:\/\/www.avenirgroup.ch\/fr\/#organization"},"potentialAction":[{"@type":"SearchAction","target":{"@type":"EntryPoint","urlTemplate":"https:\/\/www.avenirgroup.ch\/fr\/?s={search_term_string}"},"query-input":{"@type":"PropertyValueSpecification","valueRequired":true,"valueName":"search_term_string"}}],"inLanguage":"fr-FR"},{"@type":"Organization","@id":"https:\/\/www.avenirgroup.ch\/fr\/#organization","name":"Avenir Group","url":"https:\/\/www.avenirgroup.ch\/fr\/","logo":{"@type":"ImageObject","inLanguage":"fr-FR","@id":"https:\/\/www.avenirgroup.ch\/fr\/#\/schema\/logo\/image\/","url":"https:\/\/www.avenirgroup.ch\/wp-content\/uploads\/avenir.png","contentUrl":"https:\/\/www.avenirgroup.ch\/wp-content\/uploads\/avenir.png","width":500,"height":191,"caption":"Avenir Group"},"image":{"@id":"https:\/\/www.avenirgroup.ch\/fr\/#\/schema\/logo\/image\/"},"sameAs":["https:\/\/www.facebook.com\/avenirgroup","https:\/\/x.com\/avenirgroup","https:\/\/www.linkedin.com\/company\/avenirgroup","https:\/\/www.youtube.com\/channel\/UCSsjNOO3GSDq1LChWFv1GBQ"]}]}</script>
<!-- / Yoast SEO Premium plugin. -->

Après avoir obtenu son doctorat à l’Université de Bâle, Mirjam a débuté sa carrière comme cheffe de projet au sein de la Fédération des coopératives
