{"id":315,"date":"2018-05-10T13:25:51","date_gmt":"2018-05-10T11:25:51","guid":{"rendered":"https:\/\/www.avenirgroup.ch\/?post_type=team&#038;p=315"},"modified":"2025-06-17T14:00:57","modified_gmt":"2025-06-17T12:00:57","slug":"marc-mathis","status":"publish","type":"team","link":"https:\/\/www.avenirgroup.ch\/team\/marc-mathis\/","title":{"rendered":"Marc Mathis"},"content":{"rendered":"<p>Nach diversen Jahren der Praxiserfahrung in Vertrieb und Mitarbeiterf\u00fchrung absolvierte Marc seine Ausbildungen zum Business Coach und zum Business Trainer. Mit zus\u00e4tzlich langj\u00e4hriger Berufserfahrung als Coach und Trainer ist er heute bei Avenir f\u00fcr die Entwicklung, Konzeption und Durchf\u00fchrung von Sales- und Leadership-Programmen bei diversen Unternehmen in den unterschiedlichsten Branchen, zust\u00e4ndig. Bei Avenir kann Marc seine Leidenschaft \u00fcber Kommunikation zu kommunizieren voll ausleben.<\/p>\n","protected":false},"featured_media":5076,"template":"","class_list":["post-315","team","type-team","status-publish","has-post-thumbnail","hentry","sprache-de","sprache-en"],"acf":[],"yoast_head":"<!-- This site is optimized with the Yoast SEO Premium plugin v27.3 (Yoast SEO v27.3) - https:\/\/yoast.com\/product\/yoast-seo-premium-wordpress\/ -->\n<title>Marc Mathis &#8211; Avenir Group<\/title>\n<meta name=\"robots\" content=\"index, follow, max-snippet:-1, max-image-preview:large, max-video-preview:-1\" \/>\n<link rel=\"canonical\" href=\"https:\/\/www.avenirgroup.ch\/en\/team\/marc-mathis\/\" \/>\n<meta property=\"og:locale\" content=\"en_GB\" \/>\n<meta property=\"og:type\" content=\"article\" \/>\n<meta property=\"og:title\" content=\"Marc Mathis\" \/>\n<meta property=\"og:description\" content=\"Nach diversen Jahren der Praxiserfahrung in Vertrieb und Mitarbeiterf\u00fchrung absolvierte Marc seine Ausbildungen zum Business Coach und zum Business\" \/>\n<meta property=\"og:url\" content=\"https:\/\/www.avenirgroup.ch\/team\/marc-mathis\/\" \/>\n<meta property=\"og:site_name\" content=\"Avenir Group\" \/>\n<meta property=\"article:publisher\" content=\"https:\/\/www.facebook.com\/avenirgroup\" \/>\n<meta property=\"article:modified_time\" content=\"2025-06-17T12:00:57+00:00\" \/>\n<meta property=\"og:image\" content=\"https:\/\/www.avenirgroup.ch\/wp-content\/uploads\/Marc-Mathis-20190726-quad-scaled.jpg\" \/>\n\t<meta property=\"og:image:width\" content=\"2560\" \/>\n\t<meta property=\"og:image:height\" content=\"2560\" \/>\n\t<meta property=\"og:image:type\" content=\"image\/jpeg\" \/>\n<meta name=\"twitter:card\" content=\"summary_large_image\" \/>\n<meta name=\"twitter:site\" content=\"@avenirgroup\" \/>\n<script type=\"application\/ld+json\" class=\"yoast-schema-graph\">{\"@context\":\"https:\\\/\\\/schema.org\",\"@graph\":[{\"@type\":\"WebPage\",\"@id\":\"https:\\\/\\\/www.avenirgroup.ch\\\/team\\\/marc-mathis\\\/\",\"url\":\"https:\\\/\\\/www.avenirgroup.ch\\\/team\\\/marc-mathis\\\/\",\"name\":\"Marc Mathis &#8211; Avenir Group\",\"isPartOf\":{\"@id\":\"https:\\\/\\\/www.avenirgroup.ch\\\/en\\\/#website\"},\"primaryImageOfPage\":{\"@id\":\"https:\\\/\\\/www.avenirgroup.ch\\\/team\\\/marc-mathis\\\/#primaryimage\"},\"image\":{\"@id\":\"https:\\\/\\\/www.avenirgroup.ch\\\/team\\\/marc-mathis\\\/#primaryimage\"},\"thumbnailUrl\":\"https:\\\/\\\/www.avenirgroup.ch\\\/wp-content\\\/uploads\\\/Marc-Mathis-20190726-quad-scaled.jpg\",\"datePublished\":\"2018-05-10T11:25:51+00:00\",\"dateModified\":\"2025-06-17T12:00:57+00:00\",\"breadcrumb\":{\"@id\":\"https:\\\/\\\/www.avenirgroup.ch\\\/team\\\/marc-mathis\\\/#breadcrumb\"},\"inLanguage\":\"en-GB\",\"potentialAction\":[{\"@type\":\"ReadAction\",\"target\":[\"https:\\\/\\\/www.avenirgroup.ch\\\/team\\\/marc-mathis\\\/\"]}]},{\"@type\":\"ImageObject\",\"inLanguage\":\"en-GB\",\"@id\":\"https:\\\/\\\/www.avenirgroup.ch\\\/team\\\/marc-mathis\\\/#primaryimage\",\"url\":\"https:\\\/\\\/www.avenirgroup.ch\\\/wp-content\\\/uploads\\\/Marc-Mathis-20190726-quad-scaled.jpg\",\"contentUrl\":\"https:\\\/\\\/www.avenirgroup.ch\\\/wp-content\\\/uploads\\\/Marc-Mathis-20190726-quad-scaled.jpg\",\"width\":2560,\"height\":2560},{\"@type\":\"BreadcrumbList\",\"@id\":\"https:\\\/\\\/www.avenirgroup.ch\\\/team\\\/marc-mathis\\\/#breadcrumb\",\"itemListElement\":[{\"@type\":\"ListItem\",\"position\":1,\"name\":\"Home\",\"item\":\"https:\\\/\\\/www.avenirgroup.ch\\\/en\\\/\"},{\"@type\":\"ListItem\",\"position\":2,\"name\":\"Marc Mathis\"}]},{\"@type\":\"WebSite\",\"@id\":\"https:\\\/\\\/www.avenirgroup.ch\\\/en\\\/#website\",\"url\":\"https:\\\/\\\/www.avenirgroup.ch\\\/en\\\/\",\"name\":\"Avenir Group\",\"description\":\"Together we move people and organisations.\",\"publisher\":{\"@id\":\"https:\\\/\\\/www.avenirgroup.ch\\\/en\\\/#organization\"},\"potentialAction\":[{\"@type\":\"SearchAction\",\"target\":{\"@type\":\"EntryPoint\",\"urlTemplate\":\"https:\\\/\\\/www.avenirgroup.ch\\\/en\\\/?s={search_term_string}\"},\"query-input\":{\"@type\":\"PropertyValueSpecification\",\"valueRequired\":true,\"valueName\":\"search_term_string\"}}],\"inLanguage\":\"en-GB\"},{\"@type\":\"Organization\",\"@id\":\"https:\\\/\\\/www.avenirgroup.ch\\\/en\\\/#organization\",\"name\":\"Avenir Group\",\"url\":\"https:\\\/\\\/www.avenirgroup.ch\\\/en\\\/\",\"logo\":{\"@type\":\"ImageObject\",\"inLanguage\":\"en-GB\",\"@id\":\"https:\\\/\\\/www.avenirgroup.ch\\\/en\\\/#\\\/schema\\\/logo\\\/image\\\/\",\"url\":\"https:\\\/\\\/www.avenirgroup.ch\\\/wp-content\\\/uploads\\\/avenir.png\",\"contentUrl\":\"https:\\\/\\\/www.avenirgroup.ch\\\/wp-content\\\/uploads\\\/avenir.png\",\"width\":500,\"height\":191,\"caption\":\"Avenir Group\"},\"image\":{\"@id\":\"https:\\\/\\\/www.avenirgroup.ch\\\/en\\\/#\\\/schema\\\/logo\\\/image\\\/\"},\"sameAs\":[\"https:\\\/\\\/www.facebook.com\\\/avenirgroup\",\"https:\\\/\\\/x.com\\\/avenirgroup\",\"https:\\\/\\\/www.linkedin.com\\\/company\\\/avenirgroup\",\"https:\\\/\\\/www.youtube.com\\\/channel\\\/UCSsjNOO3GSDq1LChWFv1GBQ\"]}]}<\/script>\n<!-- \/ Yoast SEO Premium plugin. -->","yoast_head_json":{"title":"Marc Mathis &#8211; Avenir Group","robots":{"index":"index","follow":"follow","max-snippet":"max-snippet:-1","max-image-preview":"max-image-preview:large","max-video-preview":"max-video-preview:-1"},"canonical":"https:\/\/www.avenirgroup.ch\/en\/team\/marc-mathis\/","og_locale":"en_GB","og_type":"article","og_title":"Marc Mathis","og_description":"Nach diversen Jahren der Praxiserfahrung in Vertrieb und Mitarbeiterf\u00fchrung absolvierte Marc seine Ausbildungen zum Business Coach und zum Business","og_url":"https:\/\/www.avenirgroup.ch\/team\/marc-mathis\/","og_site_name":"Avenir Group","article_publisher":"https:\/\/www.facebook.com\/avenirgroup","article_modified_time":"2025-06-17T12:00:57+00:00","og_image":[{"width":2560,"height":2560,"url":"https:\/\/www.avenirgroup.ch\/wp-content\/uploads\/Marc-Mathis-20190726-quad-scaled.jpg","type":"image\/jpeg"}],"twitter_card":"summary_large_image","twitter_site":"@avenirgroup","schema":{"@context":"https:\/\/schema.org","@graph":[{"@type":"WebPage","@id":"https:\/\/www.avenirgroup.ch\/team\/marc-mathis\/","url":"https:\/\/www.avenirgroup.ch\/team\/marc-mathis\/","name":"Marc Mathis &#8211; Avenir Group","isPartOf":{"@id":"https:\/\/www.avenirgroup.ch\/en\/#website"},"primaryImageOfPage":{"@id":"https:\/\/www.avenirgroup.ch\/team\/marc-mathis\/#primaryimage"},"image":{"@id":"https:\/\/www.avenirgroup.ch\/team\/marc-mathis\/#primaryimage"},"thumbnailUrl":"https:\/\/www.avenirgroup.ch\/wp-content\/uploads\/Marc-Mathis-20190726-quad-scaled.jpg","datePublished":"2018-05-10T11:25:51+00:00","dateModified":"2025-06-17T12:00:57+00:00","breadcrumb":{"@id":"https:\/\/www.avenirgroup.ch\/team\/marc-mathis\/#breadcrumb"},"inLanguage":"en-GB","potentialAction":[{"@type":"ReadAction","target":["https:\/\/www.avenirgroup.ch\/team\/marc-mathis\/"]}]},{"@type":"ImageObject","inLanguage":"en-GB","@id":"https:\/\/www.avenirgroup.ch\/team\/marc-mathis\/#primaryimage","url":"https:\/\/www.avenirgroup.ch\/wp-content\/uploads\/Marc-Mathis-20190726-quad-scaled.jpg","contentUrl":"https:\/\/www.avenirgroup.ch\/wp-content\/uploads\/Marc-Mathis-20190726-quad-scaled.jpg","width":2560,"height":2560},{"@type":"BreadcrumbList","@id":"https:\/\/www.avenirgroup.ch\/team\/marc-mathis\/#breadcrumb","itemListElement":[{"@type":"ListItem","position":1,"name":"Home","item":"https:\/\/www.avenirgroup.ch\/en\/"},{"@type":"ListItem","position":2,"name":"Marc Mathis"}]},{"@type":"WebSite","@id":"https:\/\/www.avenirgroup.ch\/en\/#website","url":"https:\/\/www.avenirgroup.ch\/en\/","name":"Avenir Group","description":"Together we move people and organisations.","publisher":{"@id":"https:\/\/www.avenirgroup.ch\/en\/#organization"},"potentialAction":[{"@type":"SearchAction","target":{"@type":"EntryPoint","urlTemplate":"https:\/\/www.avenirgroup.ch\/en\/?s={search_term_string}"},"query-input":{"@type":"PropertyValueSpecification","valueRequired":true,"valueName":"search_term_string"}}],"inLanguage":"en-GB"},{"@type":"Organization","@id":"https:\/\/www.avenirgroup.ch\/en\/#organization","name":"Avenir Group","url":"https:\/\/www.avenirgroup.ch\/en\/","logo":{"@type":"ImageObject","inLanguage":"en-GB","@id":"https:\/\/www.avenirgroup.ch\/en\/#\/schema\/logo\/image\/","url":"https:\/\/www.avenirgroup.ch\/wp-content\/uploads\/avenir.png","contentUrl":"https:\/\/www.avenirgroup.ch\/wp-content\/uploads\/avenir.png","width":500,"height":191,"caption":"Avenir Group"},"image":{"@id":"https:\/\/www.avenirgroup.ch\/en\/#\/schema\/logo\/image\/"},"sameAs":["https:\/\/www.facebook.com\/avenirgroup","https:\/\/x.com\/avenirgroup","https:\/\/www.linkedin.com\/company\/avenirgroup","https:\/\/www.youtube.com\/channel\/UCSsjNOO3GSDq1LChWFv1GBQ"]}]}},"_links":{"self":[{"href":"https:\/\/www.avenirgroup.ch\/en\/wp-json\/wp\/v2\/team\/315","targetHints":{"allow":["GET"]}}],"collection":[{"href":"https:\/\/www.avenirgroup.ch\/en\/wp-json\/wp\/v2\/team"}],"about":[{"href":"https:\/\/www.avenirgroup.ch\/en\/wp-json\/wp\/v2\/types\/team"}],"version-history":[{"count":10,"href":"https:\/\/www.avenirgroup.ch\/en\/wp-json\/wp\/v2\/team\/315\/revisions"}],"predecessor-version":[{"id":11246,"href":"https:\/\/www.avenirgroup.ch\/en\/wp-json\/wp\/v2\/team\/315\/revisions\/11246"}],"wp:featuredmedia":[{"embeddable":true,"href":"https:\/\/www.avenirgroup.ch\/en\/wp-json\/wp\/v2\/media\/5076"}],"wp:attachment":[{"href":"https:\/\/www.avenirgroup.ch\/en\/wp-json\/wp\/v2\/media?parent=315"}],"curies":[{"name":"wp","href":"https:\/\/api.w.org\/{rel}","templated":true}]}}

<p>Nach diversen Jahren der Praxiserfahrung in Vertrieb und Mitarbeiterführung absolvierte Marc seine Ausbildungen zum Business Coach und zum Business Trainer. Mit zusätzlich langjähriger Berufserfahrung als Coach und Trainer ist er heute bei Avenir für die Entwicklung, Konzeption und Durchführung von Sales- und Leadership-Programmen bei diversen Unternehmen in den unterschiedlichsten Branchen, zuständig. Bei Avenir kann Marc seine Leidenschaft über Kommunikation zu kommunizieren voll ausleben.</p>

<!-- This site is optimized with the Yoast SEO Premium plugin v27.3 (Yoast SEO v27.3) - https://yoast.com/product/yoast-seo-premium-wordpress/ -->
<title>Marc Mathis &#8211; Avenir Group</title>
<meta name="robots" content="index, follow, max-snippet:-1, max-image-preview:large, max-video-preview:-1" />
<link rel="canonical" href="https://www.avenirgroup.ch/en/team/marc-mathis/" />
<meta property="og:locale" content="en_GB" />
<meta property="og:type" content="article" />
<meta property="og:title" content="Marc Mathis" />
<meta property="og:description" content="Nach diversen Jahren der Praxiserfahrung in Vertrieb und Mitarbeiterführung absolvierte Marc seine Ausbildungen zum Business Coach und zum Business" />
<meta property="og:url" content="https://www.avenirgroup.ch/team/marc-mathis/" />
<meta property="og:site_name" content="Avenir Group" />
<meta property="article:publisher" content="https://www.facebook.com/avenirgroup" />
<meta property="article:modified_time" content="2025-06-17T12:00:57+00:00" />
<meta property="og:image" content="https://www.avenirgroup.ch/wp-content/uploads/Marc-Mathis-20190726-quad-scaled.jpg" />
	<meta property="og:image:width" content="2560" />
	<meta property="og:image:height" content="2560" />
	<meta property="og:image:type" content="image/jpeg" />
<meta name="twitter:card" content="summary_large_image" />
<meta name="twitter:site" content="@avenirgroup" />
<script type="application/ld+json" class="yoast-schema-graph">{"@context":"https:\/\/schema.org","@graph":[{"@type":"WebPage","@id":"https:\/\/www.avenirgroup.ch\/team\/marc-mathis\/","url":"https:\/\/www.avenirgroup.ch\/team\/marc-mathis\/","name":"Marc Mathis &#8211; Avenir Group","isPartOf":{"@id":"https:\/\/www.avenirgroup.ch\/en\/#website"},"primaryImageOfPage":{"@id":"https:\/\/www.avenirgroup.ch\/team\/marc-mathis\/#primaryimage"},"image":{"@id":"https:\/\/www.avenirgroup.ch\/team\/marc-mathis\/#primaryimage"},"thumbnailUrl":"https:\/\/www.avenirgroup.ch\/wp-content\/uploads\/Marc-Mathis-20190726-quad-scaled.jpg","datePublished":"2018-05-10T11:25:51+00:00","dateModified":"2025-06-17T12:00:57+00:00","breadcrumb":{"@id":"https:\/\/www.avenirgroup.ch\/team\/marc-mathis\/#breadcrumb"},"inLanguage":"en-GB","potentialAction":[{"@type":"ReadAction","target":["https:\/\/www.avenirgroup.ch\/team\/marc-mathis\/"]}]},{"@type":"ImageObject","inLanguage":"en-GB","@id":"https:\/\/www.avenirgroup.ch\/team\/marc-mathis\/#primaryimage","url":"https:\/\/www.avenirgroup.ch\/wp-content\/uploads\/Marc-Mathis-20190726-quad-scaled.jpg","contentUrl":"https:\/\/www.avenirgroup.ch\/wp-content\/uploads\/Marc-Mathis-20190726-quad-scaled.jpg","width":2560,"height":2560},{"@type":"BreadcrumbList","@id":"https:\/\/www.avenirgroup.ch\/team\/marc-mathis\/#breadcrumb","itemListElement":[{"@type":"ListItem","position":1,"name":"Home","item":"https:\/\/www.avenirgroup.ch\/en\/"},{"@type":"ListItem","position":2,"name":"Marc Mathis"}]},{"@type":"WebSite","@id":"https:\/\/www.avenirgroup.ch\/en\/#website","url":"https:\/\/www.avenirgroup.ch\/en\/","name":"Avenir Group","description":"Together we move people and organisations.","publisher":{"@id":"https:\/\/www.avenirgroup.ch\/en\/#organization"},"potentialAction":[{"@type":"SearchAction","target":{"@type":"EntryPoint","urlTemplate":"https:\/\/www.avenirgroup.ch\/en\/?s={search_term_string}"},"query-input":{"@type":"PropertyValueSpecification","valueRequired":true,"valueName":"search_term_string"}}],"inLanguage":"en-GB"},{"@type":"Organization","@id":"https:\/\/www.avenirgroup.ch\/en\/#organization","name":"Avenir Group","url":"https:\/\/www.avenirgroup.ch\/en\/","logo":{"@type":"ImageObject","inLanguage":"en-GB","@id":"https:\/\/www.avenirgroup.ch\/en\/#\/schema\/logo\/image\/","url":"https:\/\/www.avenirgroup.ch\/wp-content\/uploads\/avenir.png","contentUrl":"https:\/\/www.avenirgroup.ch\/wp-content\/uploads\/avenir.png","width":500,"height":191,"caption":"Avenir Group"},"image":{"@id":"https:\/\/www.avenirgroup.ch\/en\/#\/schema\/logo\/image\/"},"sameAs":["https:\/\/www.facebook.com\/avenirgroup","https:\/\/x.com\/avenirgroup","https:\/\/www.linkedin.com\/company\/avenirgroup","https:\/\/www.youtube.com\/channel\/UCSsjNOO3GSDq1LChWFv1GBQ"]}]}</script>
<!-- / Yoast SEO Premium plugin. -->

Nach diversen Jahren der Praxiserfahrung in Vertrieb und Mitarbeiterführung absolvierte Marc seine Ausbildungen zum Business Coach und zum Business
